{"id":247,"date":"2018-07-09T11:47:21","date_gmt":"2018-07-09T09:47:21","guid":{"rendered":"https:\/\/websites.fraunhofer.de\/innovationssysteme\/?page_id=247"},"modified":"2018-07-23T17:53:03","modified_gmt":"2018-07-23T15:53:03","slug":"fe-politik-in-aegypten","status":"publish","type":"page","link":"https:\/\/innovationssysteme.fraunhofer.de\/index.php\/de\/referenzen\/fe-politik-in-aegypten\/","title":{"rendered":"F&#038;E Politik in \u00c4gypten"},"content":{"rendered":"<p><img loading=\"lazy\" decoding=\"async\" class=\"size-full wp-image-279\" src=\"https:\/\/innovationssysteme.fraunhofer.de\/wp-content\/uploads\/2018\/07\/egypt_1400x500.jpg\" alt=\"\" width=\"1400\" height=\"500\" srcset=\"https:\/\/innovationssysteme.fraunhofer.de\/wp-content\/uploads\/2018\/07\/egypt_1400x500.jpg 1400w, https:\/\/innovationssysteme.fraunhofer.de\/wp-content\/uploads\/2018\/07\/egypt_1400x500-300x107.jpg 300w, https:\/\/innovationssysteme.fraunhofer.de\/wp-content\/uploads\/2018\/07\/egypt_1400x500-768x274.jpg 768w, https:\/\/innovationssysteme.fraunhofer.de\/wp-content\/uploads\/2018\/07\/egypt_1400x500-1024x366.jpg 1024w\" sizes=\"auto, (max-width: 1400px) 100vw, 1400px\" \/><\/p>\n<p style=\"text-align: left;\">\u21e8 <strong>Projekttitel:<\/strong> Innovationsf\u00f6rderliche Wissenschaftspolitik: Analyse und Gestaltungsma\u00dfnahmen f\u00fcr die \u00c4gyptische Forschungslandschaft<br \/>\n\u21e8 <strong>Kunde:<\/strong> Ministry for Higher Education and Scientific Research<br \/>\n\u21e8 <strong>Partner:<\/strong> Atos Origin, Pohl Consulting<\/p>\n<p>Wie viele andere Schwellenl\u00e4nder hat auch \u00c4gypten verschiedene Initiativen gegr\u00fcndet, um das innovative Potential des KMU-Sektors &#8211; dem Grundpfeiler der lokalen Wirtschaft &#8211; weiter zu erschlie\u00dfen. Eine Aktivit\u00e4t ist die St\u00e4rkung der Forschungs- und Entwicklungspolitik, welche vor allem Innovatoren aus der Wirtschaft st\u00e4rken und Synergien des nationalen Innovationssystems f\u00f6rdern soll.<\/p>\n<p style=\"text-align: justify;\">Um die Abgleichung der Forschung mit den Bed\u00fcrfnissen der Industrie angemessen bewerten zu k\u00f6nnen, hat das \u00c4gyptische Ministerium f\u00fcr Bildung und Forschung die Beratungsleistung des CCIS-Teams in Anspruch genommen. Dabei wurden neben umfassenden quantitativen Erhebungen, welche unter anderem die Bed\u00fcrfnisse der Industrie erfasst haben, zahlreiche Netzwerkaktivit\u00e4ten organisiert, um das gegenseitige Verst\u00e4ndnis von KMU, politischen Entscheidungstr\u00e4gern und Forschern zu st\u00e4rken.<\/p>\n<p style=\"text-align: justify;\">Ein wichtiger Teil des Projekts war es, Methoden und Kriterien zur Evaluation der Wirksamkeit von FuE-Politik und entsprechende Gestaltungsma\u00dfnahmen zu entwickeln. Diese fokussieren sich auf die vor allem auf die Einsetzung relevanter FuE-Ma\u00dfnahmen in Bezug auf die Bed\u00fcrfnisse der \u00e4gyptischen Gesch\u00e4ftswelt.<\/p>\n<p style=\"text-align: justify;\">Weitere Informationen \u00fcber die Zusammenarbeit des Fraunhofer IPK mit politischen Vertretern \u00c4gyptens finden Sie unter folgendem Link:<\/p>\n<p style=\"text-align: justify;\">\u21e8 <a href=\"https:\/\/innovationssysteme.fraunhofer.de\/fileadmin\/user_upload\/IPK_FHG\/presse-und-medien\/medieninformationen\/medieninfo_ipk_06_2010.pdf\" target=\"_blank\" rel=\"noopener\">Pressemitteilung \u00fcber den Besuch des \u00c4gyptischen Ministers am Fraunhofer IPK<\/a> (in German)<\/p>\n","protected":false},"excerpt":{"rendered":"<p>\u21e8 Projekttitel: Innovationsf\u00f6rderliche Wissenschaftspolitik: Analyse und Gestaltungsma\u00dfnahmen f\u00fcr die \u00c4gyptische Forschungslandschaft \u21e8 Kunde: Ministry for Higher Education and Scientific Research \u21e8 Partner: Atos Origin, Pohl Consulting Wie viele andere Schwellenl\u00e4nder hat auch \u00c4gypten verschiedene Initiativen gegr\u00fcndet, um das innovative Potential&#8230;<\/p>\n","protected":false},"author":1,"featured_media":0,"parent":30,"menu_order":0,"comment_status":"closed","ping_status":"closed","template":"","meta":{"footnotes":"","_links_to":"","_links_to_target":""},"coauthors":[2],"class_list":["post-247","page","type-page","status-publish","hentry"],"_links":{"self":[{"href":"https:\/\/innovationssysteme.fraunhofer.de\/index.php\/wp-json\/wp\/v2\/pages\/247","targetHints":{"allow":["GET"]}}],"collection":[{"href":"https:\/\/innovationssysteme.fraunhofer.de\/index.php\/wp-json\/wp\/v2\/pages"}],"about":[{"href":"https:\/\/innovationssysteme.fraunhofer.de\/index.php\/wp-json\/wp\/v2\/types\/page"}],"author":[{"embeddable":true,"href":"https:\/\/innovationssysteme.fraunhofer.de\/index.php\/wp-json\/wp\/v2\/users\/1"}],"replies":[{"embeddable":true,"href":"https:\/\/innovationssysteme.fraunhofer.de\/index.php\/wp-json\/wp\/v2\/comments?post=247"}],"version-history":[{"count":9,"href":"https:\/\/innovationssysteme.fraunhofer.de\/index.php\/wp-json\/wp\/v2\/pages\/247\/revisions"}],"predecessor-version":[{"id":903,"href":"https:\/\/innovationssysteme.fraunhofer.de\/index.php\/wp-json\/wp\/v2\/pages\/247\/revisions\/903"}],"up":[{"embeddable":true,"href":"https:\/\/innovationssysteme.fraunhofer.de\/index.php\/wp-json\/wp\/v2\/pages\/30"}],"wp:attachment":[{"href":"https:\/\/innovationssysteme.fraunhofer.de\/index.php\/wp-json\/wp\/v2\/media?parent=247"}],"wp:term":[{"taxonomy":"author","embeddable":true,"href":"https:\/\/innovationssysteme.fraunhofer.de\/index.php\/wp-json\/wp\/v2\/coauthors?post=247"}],"curies":[{"name":"wp","href":"https:\/\/api.w.org\/{rel}","templated":true}]}}