{"id":1081,"date":"2018-11-27T13:26:56","date_gmt":"2018-11-27T12:26:56","guid":{"rendered":"https:\/\/websites.fraunhofer.de\/innovationssysteme\/?page_id=1081"},"modified":"2024-12-02T16:08:45","modified_gmt":"2024-12-02T15:08:45","slug":"ca","status":"publish","type":"page","link":"https:\/\/innovationssysteme.fraunhofer.de\/index.php\/de\/ca\/","title":{"rendered":"Kompetenzzentrum f\u00fcr Innovationssysteme und -strukturen"},"content":{"rendered":"<div class=\"flex-shrink-0 flex flex-col relative items-end\">\n<div>\n<div class=\"pt-0\">\n<div class=\"gizmo-bot-avatar flex h-8 w-8 items-center justify-center overflow-hidden rounded-full\">\n<div class=\"relative p-1 rounded-sm flex items-center justify-center bg-token-main-surface-primary text-token-text-primary h-8 w-8\"><strong style=\"font-size: revert; color: initial;\">Innovation gestalten \u2013 Zukunft sichern<\/strong><\/div>\n<\/div>\n<\/div>\n<\/div>\n<\/div>\n<div class=\"group\/conversation-turn relative flex w-full min-w-0 flex-col agent-turn\">\n<div class=\"flex-col gap-1 md:gap-3\">\n<div class=\"flex max-w-full flex-col flex-grow\">\n<div class=\"min-h-8 text-message flex w-full flex-col items-end gap-2 whitespace-normal break-words [.text-message+&amp;]:mt-5\" dir=\"auto\" data-message-author-role=\"assistant\" data-message-id=\"9123c76a-e19a-48ac-b917-00afa7586935\" data-message-model-slug=\"gpt-4o\">\n<div class=\"flex w-full flex-col gap-1 empty:hidden first:pt-[3px]\">\n<div class=\"markdown prose w-full break-words dark:prose-invert light\">\n<p>Technologische Innovationen treiben bis zu 85 % des Wirtschaftswachstums voran und sind ein Schl\u00fcssel zur Wettbewerbsf\u00e4higkeit von Regionen und L\u00e4ndern. Doch der Erfolg von Innovationen entsteht nicht isoliert: Er beruht auf dem Zusammenspiel von Unternehmen, Forschungseinrichtungen und Politik sowie auf passenden Rahmenbedingungen \u2013 von lokalen Strukturen bis hin zu internationalen Netzwerken.<\/p>\n<p><strong>Ihr Partner f\u00fcr zukunftsweisende Innovationssysteme<\/strong><\/p>\n<p>Das Kompetenzzentrum f\u00fcr Innovationssysteme und -strukturen (CCIS) am Fraunhofer IPK unterst\u00fctzt seine Partner weltweit bei der Analyse, Gestaltung und Umsetzung solcher innovationsfreundlicher Systeme. Mit einem systemischen Ansatz betrachten wir die Mikro-, Meso- und Makroebene gleicherma\u00dfen und entwickeln passgenaue Zukunftsl\u00f6sungen. Von der ersten Analyse \u00fcber die Vision eines optimalen Innovationssystems bis zur detaillierten Implementationsplanung begleiten wir unsere Auftraggeber entlang eines klaren Prozesses. So schaffen wir die besten Voraussetzungen f\u00fcr nachhaltige Innovation.<\/p>\n<\/div>\n<\/div>\n<\/div>\n<\/div>\n<\/div>\n<\/div>\n","protected":false},"excerpt":{"rendered":"<p>Innovation gestalten \u2013 Zukunft sichern Technologische Innovationen treiben bis zu 85 % des Wirtschaftswachstums voran und sind ein Schl\u00fcssel zur Wettbewerbsf\u00e4higkeit von Regionen und L\u00e4ndern. Doch der Erfolg von Innovationen entsteht nicht isoliert: Er beruht auf dem Zusammenspiel von Unternehmen,&#8230;<\/p>\n","protected":false},"author":1,"featured_media":412,"parent":0,"menu_order":0,"comment_status":"closed","ping_status":"closed","template":"","meta":{"footnotes":"","_links_to":"","_links_to_target":""},"coauthors":[2],"class_list":["post-1081","page","type-page","status-publish","has-post-thumbnail","hentry"],"_links":{"self":[{"href":"https:\/\/innovationssysteme.fraunhofer.de\/index.php\/wp-json\/wp\/v2\/pages\/1081","targetHints":{"allow":["GET"]}}],"collection":[{"href":"https:\/\/innovationssysteme.fraunhofer.de\/index.php\/wp-json\/wp\/v2\/pages"}],"about":[{"href":"https:\/\/innovationssysteme.fraunhofer.de\/index.php\/wp-json\/wp\/v2\/types\/page"}],"author":[{"embeddable":true,"href":"https:\/\/innovationssysteme.fraunhofer.de\/index.php\/wp-json\/wp\/v2\/users\/1"}],"replies":[{"embeddable":true,"href":"https:\/\/innovationssysteme.fraunhofer.de\/index.php\/wp-json\/wp\/v2\/comments?post=1081"}],"version-history":[{"count":5,"href":"https:\/\/innovationssysteme.fraunhofer.de\/index.php\/wp-json\/wp\/v2\/pages\/1081\/revisions"}],"predecessor-version":[{"id":1155,"href":"https:\/\/innovationssysteme.fraunhofer.de\/index.php\/wp-json\/wp\/v2\/pages\/1081\/revisions\/1155"}],"wp:featuredmedia":[{"embeddable":true,"href":"https:\/\/innovationssysteme.fraunhofer.de\/index.php\/wp-json\/wp\/v2\/media\/412"}],"wp:attachment":[{"href":"https:\/\/innovationssysteme.fraunhofer.de\/index.php\/wp-json\/wp\/v2\/media?parent=1081"}],"wp:term":[{"taxonomy":"author","embeddable":true,"href":"https:\/\/innovationssysteme.fraunhofer.de\/index.php\/wp-json\/wp\/v2\/coauthors?post=1081"}],"curies":[{"name":"wp","href":"https:\/\/api.w.org\/{rel}","templated":true}]}}